d by 26.
24
Suppose -11*o + 244 = -790. What is the remainder when 272/6 + 2/(-6) is divided by (-4)/(-12) - o/(-6)?
13
Let c = 322 - 285. Calculate the remainder when 63 is divided by c.
26
Let r(l) = -57*l**3 + 2*l**2 - 5*l + 7. Calculate the remainder when r(-3) is divided by 79.
78
Let v(t) = t**2 + 8*t - 59. Let j(q) = 8*q - 2 + 4 - 1. Calculate the remainder when v(-14) is divided by j(1).
7
Suppose -8*z + 5745 = -4*z - 3*g, 4310 = 3*z - 2*g. Calculate the remainder when z is divided by 103.
101
Let n(h) = -h**3 + 7*h**2 - 6*h + 10. Suppose 2*s = 36 + 42. What is the remainder when s is divided by n(6)?
9
Suppose 0 = 2*n - 4*p - 4, 4*p - 9*p - 5 = -n. Let v(l) = l**2 - 3*l + 12. Calculate the remainder when v(n) is divided by 9.
3
Suppose 7 = 3*u + t, -t + 8 = 3*u + t. Suppose -u*k = -5*k + 33. What is the remainder when k is divided by (-112)/(-18) - (-4)/(-18)?
5
Let g be ((-12)/(-8))/(12/(-128)). Let n = g + 15. What is the remainder when 14 is divided by 1/(n/3) - -7?
2
Let b be (-1 - -1)/(-5 + 3). Suppose 2*z - 4*z + 10 = b. Calculate the remainder when z is divided by 2.
1
Let l = -3 + -18. Let w = l - -37. Calculate the remainder when 95 is divided by w.
15
Let q(r) = -r**3 - 25*r**2 - 27*r - 62. Calculate the remainder when 219 is divided by q(-24).
9
Let v = 6 - 15. What is the remainder when (((-465)/v)/(-5))/((-4)/12) is divided by (1 + 0)/((-1)/(-11))?
9
What is the remainder when 82 is divided by ((-2)/(-8))/(3*(-5)/(-1260))?
19
Let i = -35 + 13. Calculate the remainder when ((-38)/(-4))/((-11)/i) is divided by 5.
4
Let v(m) = -5*m**2 - 12*m - 39. Let y(g) = 9*g**2 + 25*g + 77. Let h(w) = -7*v(w) - 4*y(w). What is the remainder when 137 is divided by h(-9)?
25
Suppose 3*a + 33 = 4*a. Calculate the remainder when a is divided by 7.
5
Let f = 1286 + -990. What is the remainder when f is divided by 60?
56
Let n(x) = x**2 + 21*x + 4. Let d be n(-7). Let j = -79 - d. Calculate the remainder when 73 is divided by j.
13
Let b = 390 + -253. Calculate the remainder when b is divided by 5.
2
Suppose -11*m + 223 + 393 = 0. Calculate the remainder when m is divided by 37.
19
Let a be -12 - -10 - (-3 + 0). Suppose 0*c - 5*c + q = -73, -5*q = c + a. Let y(v) = -5*v - 1. Calculate the remainder when c is divided by y(-2).
5
Let h = 1054 - 561. Let g = -2 - -16. Calculate the remainder when g is divided by (-2)/(-12) - h/(-102).
4
Let z = 93 - 48. Suppose -27 = -8*p + z. What is the remainder when 26 is divided by p?
8
Suppose -2*i + 4*r + 60 = -6, 0 = -2*i + r + 51. Suppose 4*a - i = 153. Calculate the remainder when a is divided by 23.
21
Suppose 0 = -59*d - 16473 + 67331. What is the remainder when d is divided by 96?
94
Suppose 2*d = -3*g - 28, 5*d = -2*g - 14 - 23. Let l(f) = f**3 + 9*f**2 + 15*f + 3. Let v(m) = -m + 8. What is the remainder when l(g) is divided by v(0)?
5
Let z = -234 - -259. What is the remainder when 46 is divided by z?
21
Let b = 25 - 21. Let a(x) = 3*x**2 + 4*x - 1. Calculate the remainder when a(b) is divided by 16.
15
Suppose -d + 3*d - 72 = -4*z, -5*d = -z + 29. Calculate the remainder when 3 + -1 - (-25 - -7 - 2) is divided by z.
3
Let o(i) = i + 6. Let p be o(-5). Let b = 3 + p. Suppose d + 2*j = -0*d + 18, -3*j = -b*d + 17. What is the remainder when 31 is divided by d?
7
Suppose -2*y = -7*y + 110. Suppose 7*d = 9*d - y. Suppose 4*a - 6*a + 40 = 0. What is the remainder when a is divided by d?
9
Let h = 203 - 169. What is the remainder when 132 is divided by h?
30
Let k = 90 + -40. Let t(y) = 16*y**2 - y + 2. Let v(u) = u**2 + 12*u + 1. Let x be v(-12). Calculate the remainder when k is divided by t(x).
16
Suppose -3*q - 4*z + 7 = -44, -3*z = 3*q - 51. Let v(j) = 393*j + 3540. Calculate the remainder when q is divided by v(-9).
2
Let k(w) = w**3 + 9*w**2 + 4. Let d = 11 - 20. Let n be k(d). Suppose 0 = 6*p - n*p - 138. Calculate the remainder when p is divided by 18.
15
Calculate the remainder when 64 is divided by (-13)/(9/(45/10))*-2.
12
Let u = -16 - -83. Let h = 16 + 8. What is the remainder when u is divided by h?
19
Calculate the remainder when (47 - 6/2)/1 is divided by 20.
4
Suppose 4*v - 2*z = -4*z + 738, 0 = -v + 3*z + 167. Suppose 4*u + 10*u = v. Calculate the remainder when 25 is divided by u.
12
Let a(p) = -p + 22. Let u(o) = 2*o - 44. Let l(i) = -7*a(i) - 4*u(i). What is the remainder when 121 is divided by l(-9)?
28
Let b = 82 - 79. Suppose -15 = -b*w, 5*p - 112 = -w + 3. What is the remainder when 39 is divided by p?
17
Let y = -19 + 36. Let i = 32 - y. Let g = -9 + 15. Calculate the remainder when i is divided by g.
3
Suppose -20 = -5*m, -3*m - 9 = 2*d - 27. Suppose 8*l = d*l + 620. What is the remainder when l is divided by 14?
12
Suppose 0 = -26*x + 31*x - 305. Calculate the remainder when x is divided by 21.
19
Let n(f) = 3*f**2 - 10. Let m be n(4). Let y = -36 + m. Calculate the remainder when 7 is divided by y.
1
Let g be 93/9 - 16/12. Calculate the remainder when 5 is divided by (3/(-2))/(g/(-24)).
1
What is the remainder when -1*3*14/(168/(-492)) is divided by 5?
3
Let x = 1496 - 1398. Suppose 0 = -5*i - 38 + 163. Calculate the remainder when x is divided by i.
23
Calculate the remainder when (-1 + -248)*(30/9)/(-5) is divided by 44.
34
Let x = -519 - -574. Calculate the remainder when 99 is divided by x.
44
Let o = 4 + 4. Let k(q) = q**3 - 9*q**2 + 11*q - 7. What is the remainder when 1*2*(-93)/(-6) is divided by k(o)?
14
Let x(b) = -3*b + 15. Suppose -2*i + 24 = 2. What is the remainder when x(-2) is divided by i?
10
Suppose -4*a = n - 161 - 166, -5*a + 411 = 2*n. Suppose -a = 7*c - 256. What is the remainder when 99 is divided by c?
24
Suppose 4*y + 12 = 0, s - 3*y + 4*y + 3 = 0. Suppose 0 = -s*q - 2*q. Suppose q = -2*d - 0*d + 16. What is the remainder when 22 is divided by d?
6
Suppose -9*o + 535 = -365. Calculate the remainder when o is divided by 30.
10
Let t(d) = -5*d + 2. Suppose 14*b + 3*v - 20 = 15*b, 0 = -5*v. What is the remainder when t(-4) is divided by (-5*8/b)/(4/12)?
4
Let i = 571 + -267. Suppose -282 = -4*c + 3*g + 6, 0 = 4*c + g - i. Calculate the remainder when c is divided by 16.
11
Let j = -11 + 89. Calculate the remainder when j is divided by (29 + -9)*1/((-5)/(-10)).
38
Let l be (-4)/((-3)/(-24)*-2). Suppose -c = 6 - l. Calculate the remainder when 18 is divided by c.
8
Let t = -5 + 40. Let b(h) = 3*h**2 + 27*h + 1. Let p(g) = -2*g**2 - 13*g. Let o(n) = 3*b(n) + 5*p(n). What is the remainder when o(8) is divided by t?
32
Let h(s) be the third derivative of -11*s**4/24 - 17*s**3/3 + 8*s**2. Calculate the remainder when h(-7) is divided by 11.
10
Let m = -101 - -106. Let v be (-2)/3*603/(-6). Suppose -m*x = -15, -z - x - 23 = -v. Calculate the remainder when 163 is divided by z.
40
Let w = -295 + 406. What is the remainder when 553 is divided by w?
109
Suppose -735 = 5*b - 12*b. Let o = b - 48. Calculate the remainder when o is divided by 20.
17
Let z(n) = 19*n**3 + n**2 + 8*n - 8. What is the remainder when 476 is divided by z(1)?
16
Suppose 17*d - 15*d = 90. Calculate the remainder when d is divided by 13.
6
Suppose -3*h + 16 = o, 2*o = 6*o - h - 77. What is the remainder when 508 is divided by o?
14
Suppose 10 - 34 = -2*i. Suppose 2*u - 5*o - 23 = 0, -3*u - 5*o - 11 + 33 = 0. What is the remainder when i is divided by u?
3
Let y = -15 + 46. Let u(p) = p**3 + 25*p**2 + 44*p - 41. Calculate the remainder when y is divided by u(-23).
1
Let j(t) = 2*t**2 + t - 3. Let l be j(4). Suppose -3*n = l - 12. Let p(f) = -f**3 - 7*f**2 - 2*f + 4. What is the remainder when 52 is divided by p(n)?
16
Let n(o) = o**3 - 11*o**2 - 5*o - 5. Let v be n(10). Let f = 8 - v. What is the remainder when f is divided by 41?
40
Suppose -n - o + 243 = 0, -n = 14*o - 9*o - 243. Calculate the remainder when n is divided by 29.
11
Let c = 30 + -30. Suppose c = -2*f - f + 9. Suppose -2*y + f*v = 0, 0*y + 2*v - 26 = -3*y. Calculate the remainder when 8 is divided by y.
2
Let g(r) be the second derivative of -r**3/6 - r**2 + r. What is the remainder when 17 is divided by g(-7)?
2
Suppose 3*d + 4*b = 192, -3*d + d = -5*b - 128. Calculate the remainder when d is divided by 5.
4
Suppose 0 = -6*p + 4*p + 5*j + 119, 0 = 3*p + 4*j - 121. What is the remainder when 183 is divided by p?
42
Suppos